 of q?
23
Let r(g) = g**3 + 3*g**2 - 5*g + 1. Let l be r(-5). Let a = l + 38. What are the prime factors of a?
2, 7
Suppose 4*d + 5*m = -0*d + 165, 0 = 3*d - 4*m - 147. What are the prime factors of d?
3, 5
Let c(t) = -t**2 - 8*t - 9. Let z be c(-6). Suppose -5*p + z*p + 4*y = -60, -3*p + 134 = 5*y. What are the prime factors of p?
2, 19
Let j(f) = f + 1. Let c(y) = y**2 + 6*y + 5. Let n be c(-6). What are the prime factors of j(n)?
2, 3
Suppose 2492 = 6*z + z. List the prime factors of z.
2, 89
List the prime factors of (194/(-3))/(2 - 7/3).
2, 97
Suppose -7 = l - 1. Let z = -2 - l. List the prime factors of z.
2
Let r = -19 + 9. Let i = -3 - r. List the prime factors of i.
7
Let a(n) = 10*n**2 + 1. Let u be 21/35 + (-4)/(-10). Let f be a(u). Let y = f + 6. List the prime factors of y.
17
Suppose 6*v - 2*v + 32 = 0. List the prime factors of (0 + 4/v)*-10.
5
Suppose 3*b - 138 = -3*i, 3*b + i = 4*i + 162. Suppose 2*p + b = 7*p. What are the prime factors of p?
2, 5
Suppose 0 = -4*g + 4*w - 5*w + 223, 2*w = 2*g - 124. List the prime factors of g.
3, 19
Let v be (-1 - -79)/(-9 + 11). Suppose 33 + v = 2*n. List the prime factors of n.
2, 3
Let m = 19 + -11. Suppose -q = -m - 22. What are the prime factors of q?
2, 3, 5
Let n = 210 - 109. List the prime factors of n.
101
Let u(f) = f**3 + 10*f**2 - 4*f + 20. What are the prime factors of u(-9)?
137
Let n = 55 + -33. What are the prime factors of n?
2, 11
Suppose -25 = 2*y + y - 4*z, 0 = 5*y + 5*z - 5. List the prime factors of ((-2)/y)/((-4)/(-114)).
19
What are the prime factors of (-2)/(-6) + (-398)/(-3)?
7, 19
Suppose 707 = 6*j - 91. List the prime factors of j.
7, 19
Let t be ((-89)/(-2))/((-1)/(-2)). Let v = t - 54. List the prime factors of v.
5, 7
Suppose 1 - 7 = -3*n. What are the prime factors of n?
2
Let t(x) = -22*x**2 + 1. Let f be t(-1). Let m = 47 + f. Let s = m + -13. List the prime factors of s.
13
Suppose 5*q - 11 - 19 = 0. Let u be -5*1*q/(-15). List the prime factors of 3 - (-2 + 1 + u).
2
Let g(h) = -h + 2. Let x be g(1). Let i be x + 2 + 0 - 1. Suppose 2*c = m - 3, -3*m + i*m - 2*c + 19 = 0. List the prime factors of m.
11
Let d(c) = c**3 - 5*c**2 + 9*c + 9. Let i be d(7). Suppose -4*g + i = g. List the prime factors of g.
2, 17
Suppose i - 3*i = 0. Suppose i = u + 2*u - 84. Suppose 2*y + 2*y = u. List the prime factors of y.
7
Suppose x + 5*m = 32, 0 = -2*x + 3*m - 2*m + 20. Let u be 9/x - (-146)/8. Let t = u - 12. List the prime factors of t.
7
Suppose -1 = 4*t + 3. What are the prime factors of 1/(0 + t/(-7))?
7
Suppose 2*k = 3*d - 9, -6*k - 19 = -5*d - 4*k. Let o be 1/(-4 + 387/96). Suppose 5*f - o = -4*a, 0*a = d*a - f - 11. What are the prime factors of a?
3
Let y(z) = z**3 - 7*z**2 + 8*z + 6. Let h(c) = c**2 + c. Let d be h(2). Let k be y(d). Let i = k + 2. What are the prime factors of i?
2, 5
Let y be 2*(-2)/4 + 4. Suppose -y*h = r - 20, -5*h + 52 = 7*r - 3*r. What are the prime factors of (-6)/(-4)*r/4?
3
Suppose 6*u + 14 = 80. List the prime factors of u.
11
Suppose -4*n + 16 = 4*t - 2*n, -3*t + n = -7. Let a(p) = -5 + p**t + 8*p**2 - 4*p**2 + 2*p - 10*p. List the prime factors of a(-5).
2, 5
Suppose 33 = 5*t - 2. List the prime factors of t.
7
Suppose 4*o = 2*r + 18 + 4, 3*o - 30 = 3*r. Let q(a) = a**3 + 9*a**2 - 5*a + 4. What are the prime factors of q(r)?
7
Let a be 2/(-7) - (-176)/28. Suppose -3*p + a*b - 8 = b, -5*b = -5. Let q = p - -5. List the prime factors of q.
2
Suppose -2*g = 3 - 9. Let p be 2/(-2) + 27 - -2. Suppose -20 = -g*y + p. What are the prime factors of y?
2
Suppose 0 = 4*x + 4*h - 200, 2*x - 90 = -h + 12. What are the prime factors of x?
2, 13
Let k(u) = -5*u - 8. Let w be k(-6). Suppose -q = q - w. List the prime factors of q.
11
Let l = 3 + -3. Suppose 0 = -0*n - 5*n + 45. Suppose l = 5*m - 16 - n. What are the prime factors of m?
5
Let j(h) = -7*h - 37. What are the prime factors of j(-7)?
2, 3
Let o = 42 + 0. List the prime factors of o.
2, 3, 7
Let m(i) = 4*i**2 - i**3 + 5*i + 3*i + 0*i - 13*i**2 - 1. Suppose -2*l - 3*d = 5, -4*d - d + 45 = -2*l. List the prime factors of m(l).
19
Let i(d) = d**2 - 2*d - 1. Let l be i(-1). Let s(w) = 2*w + 0 - l + w. List the prime factors of s(4).
2, 5
Suppose -m = -s - 3*s, -125 = -5*m - 5*s. List the prime factors of m.
2, 5
Let u(j) = 9*j - 7. Let q(g) = 5*g - 4. Let l be (-1)/5 - (-58)/(-10). Let w(a) = l*u(a) + 11*q(a). List the prime factors of w(10).
2
Let x(i) = -4*i - 4. Let c(f) = -f**3 - f**2 + f + 5. Let k be c(0). Let z be x(k). Let l = z - -34. List the prime factors of l.
2, 5
Suppose 5*d - 32 = 78. List the prime factors of d.
2, 11
Let c be 44/(-7) + 12/42. Let b(m) = -m**2 - 7*m. Let q be b(c). What are the prime factors of (-1)/((-4)/10)*q?
3, 5
Let u be 1 - 1 - (-8 + 12). Let o(i) = -2*i - 4*i + 5*i. What are the prime factors of o(u)?
2
Let x = 79 + -195. What are the prime factors of (x/8)/1*-2?
29
Let x(n) = -3*n - 7. What are the prime factors of x(-12)?
29
Let k(m) = -6*m - 18. What are the prime factors of k(-14)?
2, 3, 11
Let n be 6/(-4) - 39/(-6). Let k = 47 - n. What are the prime factors of k?
2, 3, 7
Let c = 3 + -1. Let s = c - -9. List the prime factors of s.
11
Let c = 2 - 3. Let h(n) = 6*n**3 - 4*n**2 - 3*n + 5. Let r(p) = -p**2 - p + 1. Let l(g) = -h(g) + 4*r(g). List the prime factors of l(c).
2, 3
Let z be (-20)/6*9/(-6). Suppose -z*u + 4*d - 2*d = -9, -3*d = -u - 6. What are the prime factors of u?
3
Let b = 139 - 76. What are the prime factors of b?
3, 7
Let j = 54 + -28. Suppose 5 = -3*q + j. Let v = 9 - q. What are the prime factors of v?
2
Let d = -19 + 43. List the prime factors of (372/d)/(2/4).
31
What are the prime factors of ((-2)/(-1))/((-4)/(-54))?
3
Let j = -2 - -57. What are the prime factors of j?
5, 11
Suppose -3*j + 36 = -3. Suppose -3*x + 5*v + 5 = -x, x + v - j = 0. List the prime factors of x.
2, 5
Let l(o) = -24*o + 3. Let x be l(2). Let z = 68 + x. List the prime factors of z.
23
Let d(p) = p**2 + 9*p + 27. List the prime factors of d(-20).
13, 19
Let c = -30 + -27. Suppose 5*w - 2*q + 14 = -3*q, 3*w + 12 = 3*q. List the prime factors of c/(-12) - w/12.
5
Let i be -3 + 15/9*3. Suppose i*f + 9 - 79 = 0. What are the prime factors of f?
5, 7
Let y(p) = 2*p**2 + 2*p - 2. Let c be y(-3). Suppose -c = -2*m, -3*x + m + 1 = -x. List the prime factors of x.
3
Let n be 0/(2 + 2 + -3). Let c = 3 - n. What are the prime factors of c?
3
Let l = 17 - 8. Let x = 19 + -5. Let q = x - l. List the prime factors of q.
5
List the prime factors of ((-111)/(-12))/((-7)/(-84)).
3, 37
Let u(q) = -q**2 - 3. Let x(k) = k**2 - k + 4. Let l(n) = 2*u(n) + 3*x(n). What are the prime factors of l(4)?
2, 5
Let n = -28 + 68. What are the prime factors of n?
2, 5
Let i = 10 + -6. Suppose -7 = -2*f + 13. List the prime factors of (8/5)/(i/f).
2
Let o = 9 - 10. Let i = 4 - o. List the prime factors of i.
5
Let n(j) = j + 12. Let t be (3 + 11/(-2))*2. Let y be n(t). Let f(o) = -o**3 + 7*o**2 + 2*o + 3. What are the prime factors of f(y)?
17
Suppose 3*w + 54 = 4*w. What are the prime factors of w?
2, 3
Let j(f) = -66*f + 3. What are the prime factors of j(-5)?
3, 37
Let l = 4 - -5. Suppose -3 = -3*d + 6, -2*t + 3*d = -l. List the prime factors of t.
3
Let p be 10/((-1)/1*-2). Let o = 9 - p. What are the prime factors of o?
2
Suppose 0 = -3*n + 7*n. Let r = -1 - n. List the prime factors of -12*(-3)/(2 - r).
2, 3
Let l be (-1)/((-3)/(-4))*-39. Suppose 2*n + 6*r - 3*r = 53, r = 3*n - l. Let a = 31 - n. What are the prime factors of a?
2, 3
Let c = 26 + -10. Let t = c + 10. Suppose 0 = -3*n + 5*u + t, 3*n - 18 = -5*u + 2*u. List the prime factors of n.
7
Let c(j) = j**3 + 4*j**2 - 6*j - 5. Let n be c(-9). List the prime factors of (-2)/(-7) + n/(-28).
13
Let v(s) = -s + 2. Let a be v(3). Let g be a + (-38)/3*-3. Suppose -2*t = 3*t - 4*z - g, -26 = -4*t + 5*z. What are the prime factors of t?
3
Let i(c) = 2*c - 2. Let b be i(3). Let a(k) = -k**2 + 4*k + 4. Let n be a(b). Suppose -n*g + 7*g - 36 = 0. List the prime factors of g.
2, 3
Suppose 9*f - 4*f - 30 = 0. Let k be (-1)/(-2)*(5 - -3). Suppose k*h + 22 = f*h. What are the prime factors of h?
11
Suppose 52*o = 57*o - 160. What are the prime factors of o?
2
Suppose -k - 728 = -4*n + k, n = -4*k + 164. What are the prime factors of 